{"id":87,"date":"2015-06-20T11:26:21","date_gmt":"2015-06-20T08:26:21","guid":{"rendered":"http:\/\/www.liceulsportivcampulung.ro\/?page_id=87"},"modified":"2015-06-23T23:35:00","modified_gmt":"2015-06-23T20:35:00","slug":"oferta-educationala","status":"publish","type":"page","link":"https:\/\/www.liceulsportivcampulung.ro\/?page_id=87","title":{"rendered":"Ofert\u0103 educa\u021bional\u0103"},"content":{"rendered":"<p>[et_pb_section fullwidth=&#8221;on&#8221; specialty=&#8221;off&#8221;][et_pb_fullwidth_header admin_label=&#8221;Antet cu L\u0103\u021bime Complet\u0103&#8221; background_layout=&#8221;light&#8221; text_orientation=&#8221;center&#8221; header_fullscreen=&#8221;on&#8221; header_scroll_down=&#8221;on&#8221; scroll_down_icon=&#8221;%%8%%&#8221; background_color=&#8221;#0028c9&#8243; parallax=&#8221;on&#8221; parallax_method=&#8221;on&#8221; logo_image_url=&#8221;http:\/\/www.liceulsportivcampulung.ro\/wp-content\/uploads\/2015\/06\/logo3.png&#8221; content_orientation=&#8221;center&#8221; image_orientation=&#8221;center&#8221; custom_button_one=&#8221;off&#8221; button_one_letter_spacing=&#8221;0&#8243; button_one_use_icon=&#8221;default&#8221; button_one_icon_placement=&#8221;right&#8221; button_one_on_hover=&#8221;on&#8221; button_one_letter_spacing_hover=&#8221;0&#8243; custom_button_two=&#8221;off&#8221; button_two_letter_spacing=&#8221;0&#8243; button_two_use_icon=&#8221;default&#8221; button_two_icon_placement=&#8221;right&#8221; button_two_on_hover=&#8221;on&#8221; button_two_letter_spacing_hover=&#8221;0&#8243;]<\/p>\n<h1><span style=\"color: #ccffff;\"><strong>Liceul cu Program Sportiv<\/strong><\/span><\/h1>\n<h1><span style=\"color: #ccffff;\"><strong>C\u00e2mpulung &#8211; Arge\u015f<\/strong><\/span><\/h1>\n<h2><span style=\"color: #33cccc;\">Programul \u015ecoal\u0103 dup\u0103 \u015ecoal\u0103 <span style=\"color: #ccffff;\">,,<span style=\"text-decoration: underline;\">Liceul cu Program Sportiv <\/span>\u2013 <\/span><\/span><\/h2>\n<h2><span style=\"color: #ccffff;\"><span style=\"text-decoration: underline;\">o a doua cas\u0103<\/span>\u201d<\/span><\/h2>\n<h2><span style=\"color: #33cccc;\">pentru clasa preg\u0103titoare<\/span><\/h2>\n<p>[\/et_pb_fullwidth_header][\/et_pb_section][et_pb_section fullwidth=&#8221;on&#8221; specialty=&#8221;off&#8221;][et_pb_fullwidth_header admin_label=&#8221;Antet cu L\u0103\u021bime Complet\u0103&#8221; background_layout=&#8221;light&#8221; text_orientation=&#8221;center&#8221; header_fullscreen=&#8221;on&#8221; header_scroll_down=&#8221;on&#8221; scroll_down_icon=&#8221;%%8%%&#8221; background_color=&#8221;#1e73be&#8221; parallax=&#8221;off&#8221; parallax_method=&#8221;off&#8221; content_orientation=&#8221;center&#8221; image_orientation=&#8221;center&#8221; custom_button_one=&#8221;off&#8221; button_one_letter_spacing=&#8221;0&#8243; button_one_use_icon=&#8221;default&#8221; button_one_icon_placement=&#8221;right&#8221; button_one_on_hover=&#8221;on&#8221; button_one_letter_spacing_hover=&#8221;0&#8243; custom_button_two=&#8221;off&#8221; button_two_letter_spacing=&#8221;0&#8243; button_two_use_icon=&#8221;default&#8221; button_two_icon_placement=&#8221;right&#8221; button_two_on_hover=&#8221;on&#8221; button_two_letter_spacing_hover=&#8221;0&#8243;]<\/p>\n<h2>Copilule!<\/h2>\n<h2>Tinere!<\/h2>\n<h2>Vrei s\u0103 fii campion?<\/h2>\n<h2>Iube\u015fti sportul \u015fi competi\u0163ia?<\/h2>\n<h2>\u00ce\u0163i dore\u015fti s\u0103 devii atlet celebru?<\/h2>\n<h2>Vino la<\/h2>\n<h2><span style=\"color: #33cccc;\"><strong>LICEUL CU PROGRAM SPORTIV<\/strong><\/span><\/h2>\n<h2>\u00een clasa preg\u0103titoare \u015fi clasele<\/h2>\n<h2>a I-a \u2014 a V-a, a IX-a,<\/h2>\n<h2>unde vei beneficia<\/h2>\n<h2>de condi\u0163ii moderne<\/h2>\n<h2>de preg\u0103tire, \u00eentr-o baz\u0103 material\u0103 modern\u0103.<\/h2>\n<h2>Clasa preg\u0103titoare \u2013 20 locuri<\/h2>\n<h2>Clasa I \u2013 25 locuri<\/h2>\n<h2>Clasa a V-a \u2013 2 clase 50 locuri, profil atletism<\/h2>\n<h2>Clasa a IX-a &#8211; 2 clase, 56 locuri, profil uman atletism<\/h2>\n<p>[\/et_pb_fullwidth_header][\/et_pb_section][et_pb_section fullwidth=&#8221;on&#8221; specialty=&#8221;off&#8221;][et_pb_fullwidth_header admin_label=&#8221;Antet cu L\u0103\u021bime Complet\u0103&#8221; background_layout=&#8221;light&#8221; text_orientation=&#8221;center&#8221; header_fullscreen=&#8221;on&#8221; header_scroll_down=&#8221;on&#8221; background_color=&#8221;#dd8f1a&#8221; parallax=&#8221;off&#8221; parallax_method=&#8221;off&#8221; content_orientation=&#8221;center&#8221; image_orientation=&#8221;center&#8221; custom_button_one=&#8221;off&#8221; button_one_letter_spacing=&#8221;0&#8243; button_one_use_icon=&#8221;default&#8221; button_one_icon_placement=&#8221;right&#8221; button_one_on_hover=&#8221;on&#8221; button_one_letter_spacing_hover=&#8221;0&#8243; custom_button_two=&#8221;off&#8221; button_two_letter_spacing=&#8221;0&#8243; button_two_use_icon=&#8221;default&#8221; button_two_icon_placement=&#8221;right&#8221; button_two_on_hover=&#8221;on&#8221; button_two_letter_spacing_hover=&#8221;0&#8243; scroll_down_icon=&#8221;%%8%%&#8221;]<\/p>\n<h2>Probele de aptitudini pentru<\/h2>\n<h2>admiterea \u00een liceu:<\/h2>\n<h2>\u00eenscrierea: 25 \u2013 26 mai 2015<\/h2>\n<h2>sus\u0163inerea probelor: 27 &#8211; 30 mai 2015<\/h2>\n<h2><strong>Drumul t\u0103u spre performan\u0163\u0103 \u00eencepe aici.<\/strong><\/h2>\n<h2><\/h2>\n<h2><strong>Alege <\/strong><\/h2>\n<h2><strong>\u00a0<\/strong><\/h2>\n<h1><span style=\"color: #ffff00;\"><strong>LICEUL CU PROGRAM SPORTIV<\/strong><\/span><\/h1>\n<h2><strong>C\u00e2mpulung &#8211; Arge\u015f<\/strong><\/h2>\n<p>[\/et_pb_fullwidth_header][\/et_pb_section][et_pb_section fullwidth=&#8221;on&#8221; specialty=&#8221;off&#8221;][et_pb_fullwidth_header admin_label=&#8221;Antet cu L\u0103\u021bime Complet\u0103&#8221; background_layout=&#8221;light&#8221; text_orientation=&#8221;center&#8221; header_fullscreen=&#8221;on&#8221; header_scroll_down=&#8221;off&#8221; background_color=&#8221;rgba(221,28,28,0.94)&#8221; parallax=&#8221;off&#8221; parallax_method=&#8221;off&#8221; content_orientation=&#8221;center&#8221; image_orientation=&#8221;center&#8221; custom_button_one=&#8221;off&#8221; button_one_letter_spacing=&#8221;0&#8243; button_one_use_icon=&#8221;default&#8221; button_one_icon_placement=&#8221;right&#8221; button_one_on_hover=&#8221;on&#8221; button_one_letter_spacing_hover=&#8221;0&#8243; custom_button_two=&#8221;off&#8221; button_two_letter_spacing=&#8221;0&#8243; button_two_use_icon=&#8221;default&#8221; button_two_icon_placement=&#8221;right&#8221; button_two_on_hover=&#8221;on&#8221; button_two_letter_spacing_hover=&#8221;0&#8243; scroll_down_icon=&#8221;%%8%%&#8221;]<\/p>\n<h2>Selec\u0163ia pentru clasele V \u2013 VIII atletism se face zilnic la sediul liceului, \u00eentre orele 10.00 \u2013 13.00 \u015fi 16.00 &#8211; 18.00<\/h2>\n<h2><span style=\"text-decoration: underline;\"><span style=\"color: #ff99cc; text-decoration: underline;\">Oferim gratuit\u0103\u0163i elevilor<\/span><\/span><\/h2>\n<h2><span style=\"text-decoration: underline;\"><span style=\"color: #ff99cc; text-decoration: underline;\">cu calit\u0103\u0163i deosebite!<\/span><\/span><\/h2>\n<h2><\/h2>\n<h2><strong>Rela\u0163ii suplimentare la secretariatul liceului<\/strong><\/h2>\n<h2><strong>\u00a0<\/strong><\/h2>\n<h2><strong>Tel: 0248 512 681 <\/strong><\/h2>\n<h2><strong>\u00a0\u00a0\u00a0\u00a0\u00a0\u00a0 0248 510 870<\/strong><\/h2>\n<p>[\/et_pb_fullwidth_header][\/et_pb_section]<\/p>\n","protected":false},"excerpt":{"rendered":"<p>Liceul cu Program Sportiv C\u00e2mpulung &#8211; Arge\u015f Programul \u015ecoal\u0103 dup\u0103 \u015ecoal\u0103 ,,Liceul cu Program Sportiv \u2013 o a doua cas\u0103\u201d pentru clasa preg\u0103titoare &#xe044; Copilule! Tinere! Vrei s\u0103 fii campion? Iube\u015fti sportul \u015fi competi\u0163ia? \u00ce\u0163i dore\u015fti s\u0103 devii atlet celebru? Vino la LICEUL CU PROGRAM SPORTIV \u00een clasa preg\u0103titoare \u015fi clasele a I-a \u2014 a [&hellip;]<\/p>\n","protected":false},"author":1,"featured_media":0,"parent":0,"menu_order":4,"comment_status":"open","ping_status":"open","template":"","meta":{"_et_pb_use_builder":"on","_et_pb_old_content":"","_et_gb_content_width":""},"_links":{"self":[{"href":"https:\/\/www.liceulsportivcampulung.ro\/index.php?rest_route=\/wp\/v2\/pages\/87"}],"collection":[{"href":"https:\/\/www.liceulsportivcampulung.ro\/index.php?rest_route=\/wp\/v2\/pages"}],"about":[{"href":"https:\/\/www.liceulsportivcampulung.ro\/index.php?rest_route=\/wp\/v2\/types\/page"}],"author":[{"embeddable":true,"href":"https:\/\/www.liceulsportivcampulung.ro\/index.php?rest_route=\/wp\/v2\/users\/1"}],"replies":[{"embeddable":true,"href":"https:\/\/www.liceulsportivcampulung.ro\/index.php?rest_route=%2Fwp%2Fv2%2Fcomments&post=87"}],"version-history":[{"count":21,"href":"https:\/\/www.liceulsportivcampulung.ro\/index.php?rest_route=\/wp\/v2\/pages\/87\/revisions"}],"predecessor-version":[{"id":220,"href":"https:\/\/www.liceulsportivcampulung.ro\/index.php?rest_route=\/wp\/v2\/pages\/87\/revisions\/220"}],"wp:attachment":[{"href":"https:\/\/www.liceulsportivcampulung.ro\/index.php?rest_route=%2Fwp%2Fv2%2Fmedia&parent=87"}],"curies":[{"name":"wp","href":"https:\/\/api.w.org\/{rel}","templated":true}]}}