{"id":82,"date":"2015-06-20T11:17:49","date_gmt":"2015-06-20T08:17:49","guid":{"rendered":"http:\/\/www.liceulsportivcampulung.ro\/?page_id=82"},"modified":"2020-06-10T11:39:09","modified_gmt":"2020-06-10T08:39:09","slug":"despre-noi-2","status":"publish","type":"page","link":"https:\/\/www.liceulsportivcampulung.ro\/","title":{"rendered":"Despre noi"},"content":{"rendered":"<p>[et_pb_section fb_built=&#8221;1&#8243; admin_label=&#8221;section&#8221; _builder_version=&#8221;3.22&#8243;][et_pb_row column_structure=&#8221;2_3,1_3&#8243; admin_label=&#8221;row&#8221; _builder_version=&#8221;3.25&#8243; background_size=&#8221;initial&#8221; background_position=&#8221;top_left&#8221; background_repeat=&#8221;repeat&#8221;][et_pb_column type=&#8221;2_3&#8243; _builder_version=&#8221;3.25&#8243; custom_padding=&#8221;|||&#8221; custom_padding__hover=&#8221;|||&#8221;][et_pb_text admin_label=&#8221;Text&#8221; _builder_version=&#8221;3.27.4&#8243; background_size=&#8221;initial&#8221; background_position=&#8221;top_left&#8221; background_repeat=&#8221;repeat&#8221; use_border_color=&#8221;off&#8221; border_color=&#8221;#ffffff&#8221; border_style=&#8221;solid&#8221;]<\/p>\n<h1><span style=\"color: #339966;\">SCURT ISTORIC<\/span><\/h1>\n<p>[\/et_pb_text][et_pb_text admin_label=&#8221;Text&#8221; _builder_version=&#8221;3.27.4&#8243; background_size=&#8221;initial&#8221; background_position=&#8221;top_left&#8221; background_repeat=&#8221;repeat&#8221; use_border_color=&#8221;off&#8221; border_color=&#8221;#ffffff&#8221; border_style=&#8221;solid&#8221;]<\/p>\n<p style=\"text-align: justify;\">Liceul cu Program de Sportiv este situat \u00een ora\u015ful C\u00e2mpulung Muscel ,,<em>care se \u00eentinde pe o vale r\u0103coroas\u0103, la poalele mun\u0163ilor Iezer P\u0103pu\u015fa. Dealurile acoperite de livezi \u00eel ad\u0103postesc de v\u00e2nturi. R\u00e2ul T\u00e2rgului \u00eel spal\u0103 \u015fi-l \u00eenvesele\u015fte cu undele lui limpezi \u015fi g\u0103l\u0103gioase. Str\u0103zile sunt drepte, curate, umbrite de arbori. Mai toate casele au gr\u0103din\u0103. Unde te ui\u0163i, numai flori. Aici s-a a\u015fezat cea dint\u00e2i capital\u0103 a Rom\u00e2niei, cuib de scurt\u0103 odihn\u0103 a legendarului vultur; aici s-a ridicat de norocosul desc\u0103lec\u0103tor cea dint\u00e2i biseric\u0103 \u00een amintirea acelor zile, de la care un alt drum se deschide \u015fi \u00eencepe o nou\u0103 istorie pentru neamul nostru<\/em>\u201d (Alexandru Vlahu\u0163\u0103).<\/p>\n<p style=\"text-align: justify;\">Unitate de \u00eenv\u0103\u0163\u0103m\u00e2nt de tip voca\u0163ional, Liceul cu Program de Sportiv a fost \u00eenfiin\u0163at \u00een anul 1970, prin transformarea claselor cu program sportiv din cadrul Liceului nr. 2 C\u00e2mpulung \u015fi a devenit astfel unitate \u015fcolar\u0103 independent\u0103 cu denumirea de Liceul Central Experimental de Atletism. \u00cen anul 1978, liceul, unitate de tip voca\u0163ional, a fost desfiin\u0163at, lu\u00e2nd na\u015ftere Liceul de Filologie Istorie. Activitatea sportiv\u0103 de performan\u0163\u0103 a fost reorganizat\u0103 \u015fi s-a creat Clubul Sportiv \u015ecolar, care a func\u0163ionat pe l\u00e2ng\u0103 noua unitate liceal\u0103.<\/p>\n<p style=\"text-align: justify;\">Aceast\u0103 structur\u0103 organizatoric\u0103 a func\u0163ionat p\u00e2n\u0103 \u00een anul 1990, c\u00e2nd cele dou\u0103 unit\u0103\u0163i devin Liceul cu Program Sportiv, pentru ca doi ani mai t\u00e2rziu, prin Ordinul Ministrului nr. 7188\/ 7.12.1992, acesta s\u0103 se transforme \u00een Liceul Na\u0163ional cu Program de Atletism, care func\u0163ioneaz\u0103 \u015fi \u00een prezent sub aceast\u0103 titulatur\u0103.<\/p>\n<p style=\"text-align: justify;\">Proiectat \u00eentr-o concep\u0163ie unic\u0103 \u00een \u0163ar\u0103, liceul cuprinde \u00een acela\u015fi perimetru \u015fcoala, internatul, cantina, centrala termic\u0103 proprie \u015fi baza sportiv\u0103 compus\u0103 din stadion de antrenament, sala de jocuri \u015fi for\u0163\u0103, sala de atletism \u00een care se pot desf\u0103\u015fura competi\u0163ii oficiale pentru anumite probe de atletism: sprint, garduri, s\u0103rituri \u015fi arunc\u0103ri. Pentru refacerea \u015fi recuperarea dup\u0103 efort, precum \u015fi pentru tratamente, \u015fcoala beneficiaz\u0103 de saun\u0103, cabinet de fizioterapie dotat cu aparatur\u0103 modern\u0103, cabinet de stomatologie \u015fi medicin\u0103 general\u0103.<\/p>\n<p style=\"text-align: justify;\">Cartea de onoare a \u015fcolii \u00eenscrie, din 1971 \u015fi p\u00e2n\u0103 \u00een prezent (2010), rezultate remarcabile ob\u0163inute \u015fi atest\u0103 situarea liceului \u00een elita institu\u0163iilor de profil din Rom\u00e2nia. \u00cen sintez\u0103, acestea sunt:<\/p>\n<ul>\n<li style=\"text-align: justify;\">7 participan\u0163i la Jocurile Olimpice;<\/li>\n<li style=\"text-align: justify;\">8 medalii \u015fi 35 de participan\u0163i la Campionatele Mondiale \u015fi Europene de seniori \u015fi juniori;<\/li>\n<li style=\"text-align: justify;\">5 medalii \u015fi peste 40 de participan\u0163i la Zilele Olimpice ale Tineretului European;<\/li>\n<li style=\"text-align: justify;\">65 de campioni balcanici \u015fi peste 100 de medalia\u0163i;<\/li>\n<li style=\"text-align: justify;\">1927 de medalii ob\u0163inute la Campionatele Na\u0163ionale, din care 598 de aur;<\/li>\n<li style=\"text-align: justify;\">peste 200 de atle\u0163i \u00een echipele \u015fi loturile na\u0163ionale;<\/li>\n<li style=\"text-align: justify;\">peste 102 recorduri ale Rom\u00e2niei la copii \u015fi juniori;<\/li>\n<li style=\"text-align: justify;\">44 de absolven\u0163i ai liceului au ob\u0163inut titlul de Maestru al sportului;<\/li>\n<li style=\"text-align: justify;\">23 de absolven\u0163i sunt prezen\u0163i \u00een clasamentul celor mai buni atle\u0163i ai Rom\u00e2niei din toate timpurile;<\/li>\n<li style=\"text-align: justify;\">premii \u015fi men\u0163iuni la fazele locale, jude\u0163ene \u015fi na\u0163ionale ale concursurilor \u015fi olimpiadelor \u015fcolare, precum \u015fi la concursurile din sfera activit\u0103\u0163ilor extra\u015fcolare.\u00cen anul 1998 echipele de b\u0103ie\u0163i \u015fi fete ale liceului au c\u00e2\u015ftigat singura edi\u0163ie a Campionatelor Na\u0163ionale de Atletism organizate de Ministerul Educa\u0163iei, Cercet\u0103rii \u015fi Tineretului.Pentru aceste rezultate Federa\u0163ia Rom\u00e2n\u0103 de Atletism a hot\u0103r\u00e2t ca Liceul cu Program de Sportiv s\u0103 reprezinte Rom\u00e2nia la Competi\u0163ia Interna\u0163ional\u0103 ,,Cupa Cluburilor Campioane din Europa\u201d \u00een anii 1997, 1998, 1999 \u015fi 2001, desf\u0103\u015furat\u0103 \u00een Turcia, Luxemburg, Fran\u0163a \u015fi Danemarca.<\/li>\n<\/ul>\n<p>[\/et_pb_text][\/et_pb_column][et_pb_column type=&#8221;1_3&#8243; _builder_version=&#8221;3.25&#8243; custom_padding=&#8221;|||&#8221; custom_padding__hover=&#8221;|||&#8221;][et_pb_text admin_label=&#8221;Text&#8221; _builder_version=&#8221;3.27.4&#8243; background_size=&#8221;initial&#8221; background_position=&#8221;top_left&#8221; background_repeat=&#8221;repeat&#8221; use_border_color=&#8221;off&#8221; border_color=&#8221;#ffffff&#8221; border_style=&#8221;solid&#8221;]<\/p>\n<h1><span style=\"color: #339966;\">\u0218TIRI \u0218I NOUT\u0102\u021aI<\/span><\/h1>\n<p>[\/et_pb_text][et_pb_blog include_categories=&#8221;4,3&#8243; show_thumbnail=&#8221;off&#8221; show_more=&#8221;on&#8221; show_author=&#8221;off&#8221; show_categories=&#8221;off&#8221; show_excerpt=&#8221;off&#8221; admin_label=&#8221;Blog&#8221; _builder_version=&#8221;4.4.8&#8243; link_option_url_new_window=&#8221;on&#8221; hover_enabled=&#8221;0&#8243; use_border_color=&#8221;off&#8221; border_color=&#8221;#ffffff&#8221; border_style=&#8221;solid&#8221; use_dropshadow=&#8221;off&#8221; use_manual_excerpt=&#8221;off&#8221;] [\/et_pb_blog][\/et_pb_column][\/et_pb_row][\/et_pb_section][et_pb_section fb_built=&#8221;1&#8243; fullwidth=&#8221;on&#8221; admin_label=&#8221;section&#8221; _builder_version=&#8221;3.22&#8243;][et_pb_fullwidth_header text_orientation=&#8221;center&#8221; header_fullscreen=&#8221;on&#8221; header_scroll_down=&#8221;on&#8221; scroll_down_icon=&#8221;%%9%%&#8221; content_max_width=&#8221;none&#8221; admin_label=&#8221;Antet cu L\u0103\u021bime Complet\u0103&#8221; _builder_version=&#8221;3.16&#8243; background_color=&#8221;rgba(255, 255, 255, 0)&#8221; background_image=&#8221;http:\/\/www.liceulsportivcampulung.ro\/wp-content\/uploads\/2015\/06\/kartandtinki1_athletic-wallpaper_05.jpg&#8221; parallax=&#8221;on&#8221; custom_button_one=&#8221;on&#8221; hover_enabled=&#8221;0&#8243; background_url=&#8221;http:\/\/www.liceulsportivcampulung.ro\/wp-content\/uploads\/2015\/06\/kartandtinki1_athletic-wallpaper_05.jpg&#8221; button_one_letter_spacing_hover=&#8221;0&#8243; button_two_letter_spacing_hover=&#8221;0&#8243; button_one_text_size__hover_enabled=&#8221;off&#8221; button_two_text_size__hover_enabled=&#8221;off&#8221; button_one_text_color__hover_enabled=&#8221;off&#8221; button_two_text_color__hover_enabled=&#8221;off&#8221; button_one_border_width__hover_enabled=&#8221;off&#8221; button_two_border_width__hover_enabled=&#8221;off&#8221; button_one_border_color__hover_enabled=&#8221;off&#8221; button_two_border_color__hover_enabled=&#8221;off&#8221; button_one_border_radius__hover_enabled=&#8221;off&#8221; button_two_border_radius__hover_enabled=&#8221;off&#8221; button_one_letter_spacing__hover_enabled=&#8221;on&#8221; button_one_letter_spacing__hover=&#8221;0&#8243; button_two_letter_spacing__hover_enabled=&#8221;on&#8221; button_two_letter_spacing__hover=&#8221;0&#8243; button_one_bg_color__hover_enabled=&#8221;off&#8221; button_two_bg_color__hover_enabled=&#8221;off&#8221;]<\/p>\n<h2 style=\"text-align: center;\">&#8222;Campionii nu se nasc \u00een s\u0103lile de sport. Campionii sunt f\u0103cu\u0163i din ceea ce au mai ad\u00e2nc s\u0103dit \u00een ei: o dorin\u0163\u0103, un vis, o chemare.&#8221;<\/h2>\n<h2 style=\"text-align: center;\"><span class=\"st\">Muhammad\u00a0<\/span> Ali<\/h2>\n<p>[\/et_pb_fullwidth_header][\/et_pb_section][et_pb_section fb_built=&#8221;1&#8243; admin_label=&#8221;section&#8221; _builder_version=&#8221;3.22&#8243;][et_pb_row column_structure=&#8221;2_3,1_3&#8243; admin_label=&#8221;row&#8221; _builder_version=&#8221;3.25&#8243; background_size=&#8221;initial&#8221; background_position=&#8221;top_left&#8221; background_repeat=&#8221;repeat&#8221;][et_pb_column type=&#8221;2_3&#8243; _builder_version=&#8221;3.25&#8243; custom_padding=&#8221;|||&#8221; custom_padding__hover=&#8221;|||&#8221;][et_pb_text admin_label=&#8221;Text&#8221; _builder_version=&#8221;3.27.4&#8243; background_size=&#8221;initial&#8221; background_position=&#8221;top_left&#8221; background_repeat=&#8221;repeat&#8221; use_border_color=&#8221;off&#8221; border_color=&#8221;#ffffff&#8221; border_style=&#8221;solid&#8221;]<\/p>\n<h1><span style=\"color: #339966;\">REVISTELE \u00a0\u0218COLII<\/span><\/h1>\n<p>[\/et_pb_text][et_pb_gallery gallery_ids=&#8221;184,185,186,187&#8243; show_title_and_caption=&#8221;off&#8221; admin_label=&#8221;Galerie&#8221; _builder_version=&#8221;3.0.87&#8243; use_border_color=&#8221;off&#8221; border_color=&#8221;#ffffff&#8221; border_style=&#8221;solid&#8221;] [\/et_pb_gallery][\/et_pb_column][et_pb_column type=&#8221;1_3&#8243; _builder_version=&#8221;3.25&#8243; custom_padding=&#8221;|||&#8221; custom_padding__hover=&#8221;|||&#8221;][et_pb_image src=&#8221;http:\/\/www.liceulsportivcampulung.ro\/wp-content\/uploads\/2015\/06\/Untitled.jpg&#8221; align_tablet=&#8221;center&#8221; align_phone=&#8221;&#8221; align_last_edited=&#8221;on|desktop&#8221; admin_label=&#8221;Imagine&#8221; _builder_version=&#8221;3.23&#8243; animation_style=&#8221;slide&#8221; animation_direction=&#8221;left&#8221; animation_duration=&#8221;500ms&#8221; animation_intensity_slide=&#8221;10%&#8221; use_border_color=&#8221;off&#8221; border_color=&#8221;#ffffff&#8221; border_style=&#8221;solid&#8221; animation=&#8221;left&#8221; sticky=&#8221;off&#8221; always_center_on_mobile=&#8221;on&#8221;] [\/et_pb_image][et_pb_testimonial author=&#8221;David Boia&#8221; admin_label=&#8221;M\u0103rturie&#8221; _builder_version=&#8221;3.2&#8243; background_size=&#8221;initial&#8221; background_position=&#8221;top_left&#8221; background_repeat=&#8221;repeat&#8221; use_border_color=&#8221;off&#8221; border_color=&#8221;#ffffff&#8221; border_style=&#8221;solid&#8221;]Sportivii de performan\u0163\u0103 sunt gladiatorii zilelor noastre.<br \/>\n[\/et_pb_testimonial][et_pb_image src=&#8221;http:\/\/www.liceulsportivcampulung.ro\/wp-content\/uploads\/2015\/06\/Untitled1.jpg&#8221; align_tablet=&#8221;center&#8221; align_phone=&#8221;&#8221; align_last_edited=&#8221;on|desktop&#8221; admin_label=&#8221;Imagine&#8221; _builder_version=&#8221;3.23&#8243; animation_style=&#8221;slide&#8221; animation_direction=&#8221;left&#8221; animation_duration=&#8221;500ms&#8221; animation_intensity_slide=&#8221;10%&#8221; use_border_color=&#8221;off&#8221; border_color=&#8221;#ffffff&#8221; border_style=&#8221;solid&#8221; animation=&#8221;left&#8221; sticky=&#8221;off&#8221; always_center_on_mobile=&#8221;on&#8221;] [\/et_pb_image][\/et_pb_column][\/et_pb_row][\/et_pb_section]<\/p>\n","protected":false},"excerpt":{"rendered":"<p>SCURT ISTORIC Liceul cu Program de Sportiv este situat \u00een ora\u015ful C\u00e2mpulung Muscel ,,care se \u00eentinde pe o vale r\u0103coroas\u0103, la poalele mun\u0163ilor Iezer P\u0103pu\u015fa. Dealurile acoperite de livezi \u00eel ad\u0103postesc de v\u00e2nturi. R\u00e2ul T\u00e2rgului \u00eel spal\u0103 \u015fi-l \u00eenvesele\u015fte cu undele lui limpezi \u015fi g\u0103l\u0103gioase. Str\u0103zile sunt drepte, curate, umbrite de arbori. Mai toate casele [&hellip;]<\/p>\n","protected":false},"author":1,"featured_media":0,"parent":0,"menu_order":0,"comment_status":"open","ping_status":"open","template":"","meta":{"_et_pb_use_builder":"on","_et_pb_old_content":"","_et_gb_content_width":""},"_links":{"self":[{"href":"https:\/\/www.liceulsportivcampulung.ro\/index.php?rest_route=\/wp\/v2\/pages\/82"}],"collection":[{"href":"https:\/\/www.liceulsportivcampulung.ro\/index.php?rest_route=\/wp\/v2\/pages"}],"about":[{"href":"https:\/\/www.liceulsportivcampulung.ro\/index.php?rest_route=\/wp\/v2\/types\/page"}],"author":[{"embeddable":true,"href":"https:\/\/www.liceulsportivcampulung.ro\/index.php?rest_route=\/wp\/v2\/users\/1"}],"replies":[{"embeddable":true,"href":"https:\/\/www.liceulsportivcampulung.ro\/index.php?rest_route=%2Fwp%2Fv2%2Fcomments&post=82"}],"version-history":[{"count":74,"href":"https:\/\/www.liceulsportivcampulung.ro\/index.php?rest_route=\/wp\/v2\/pages\/82\/revisions"}],"predecessor-version":[{"id":967,"href":"https:\/\/www.liceulsportivcampulung.ro\/index.php?rest_route=\/wp\/v2\/pages\/82\/revisions\/967"}],"wp:attachment":[{"href":"https:\/\/www.liceulsportivcampulung.ro\/index.php?rest_route=%2Fwp%2Fv2%2Fmedia&parent=82"}],"curies":[{"name":"wp","href":"https:\/\/api.w.org\/{rel}","templated":true}]}}